 = 4*x. Suppose -15*j + 3115 = 5*l - 10*j, -x*l + j + 1237 = 0. What are the prime factors of l?
2, 5, 31
Let d = 607 + -602. Suppose 2*i + d*m = 2391, 3*i = 6*i - 3*m - 3597. What are the prime factors of i?
2, 599
Let r(b) = -b**3 - 2*b**2 + 2*b + 1. Let l be r(-3). Suppose 4*k - 3*i + 68 = 0, -72 = l*k - 0*k - 2*i. Let s = k - -32. What are the prime factors of s?
2, 3
Let f = -209 + 3. Let o = f - -406. List the prime factors of o.
2, 5
Let j be (-4 - -5)*3 - 303. Let f = 106 - j. List the prime factors of f.
2, 7, 29
Suppose -m = 2*m + m. Suppose 4*y = -m*y - 656. Let v = y + 269. What are the prime factors of v?
3, 5, 7
Let m(t) = 513*t**2 + 2*t + 11. What are the prime factors of m(3)?
2, 7, 331
Suppose 5*p + 3*x = 56, 2*p - 2*x = 3*x + 10. Suppose -p*b = -2*b - 248. Let f = -24 + b. What are the prime factors of f?
7
Suppose -5*y + 34899 + 67751 = 0. What are the prime factors of y?
2, 5, 2053
Suppose -28 + 7 = -7*i. Suppose 8*a - 90 = i*a. What are the prime factors of 0/(-2) + -3*(-804)/a?
2, 67
What are the prime factors of 4 + -1 - (32910/(-10))/(6/10)?
2, 7
Suppose -5*y + 11479 = 2*b, -2*b + 182*y + 11482 = 184*y. List the prime factors of b.
2, 3, 11, 29
Let w be 3*4*(3 + (-3)/6). Suppose w*u - 33*u = -651. What are the prime factors of u?
7, 31
List the prime factors of (-2 + -1807)/(((-2)/8)/(200/32)).
3, 5, 67
What are the prime factors of 27694/23 - ((-2502)/(-207) - 12)?
2, 7, 43
List the prime factors of ((-23)/((-460)/(-20576)))/((-2)/15).
2, 3, 643
Suppose -v - 3*v - 5*y = -9133, -2*y + 10 = 0. Suppose -9033 + v = -6*u. What are the prime factors of u?
2, 563
List the prime factors of ((-31)/(3796/542 + -7))/(-1).
31, 271
Let m = -4615 - -4942. List the prime factors of m.
3, 109
Let y = -349 + -51. Let b = y - -689. What are the prime factors of b?
17
Let d = -742 - -58222. What are the prime factors of d?
2, 3, 5, 479
Let j = 310 + -176. Suppose -j = 3*v + 67. Let q = 140 + v. List the prime factors of q.
73
Let w(d) = d**2 - 27*d + 96. Let f be w(29). Let g be (118 + -2)/(1 - -1). Suppose g = -2*k + f. What are the prime factors of k?
2, 3
Suppose 34685 = -41*p - 48463. Let l = 2929 + p. What are the prime factors of l?
17, 53
Let v = -60237 + 138430. What are the prime factors of v?
78193
Suppose -126*i - 18204 = -4*u - 124*i, 2*u - 4*i = 9114. List the prime factors of u.
4549
Let u = -5533 + 6066. List the prime factors of u.
13, 41
Suppose -7*v + 1564 = 16*v. What are the prime factors of 16/v*977 + 4/34?
2, 5, 23
Let r(k) = -15*k - 135. Let a be r(-14). Let y be 44 + (5/5)/(-1). Let t = a + y. List the prime factors of t.
2, 59
Let y(n) = 2*n**2 + 7*n + 33. Let t be y(15). Suppose -77*g + 70*g + t = 0. What are the prime factors of g?
2, 3, 7
Suppose 607*s = 311*s + 306*s - 1380. What are the prime factors of s?
2, 3, 23
List the prime factors of 1612/(-26)*(-298)/4 + -8.
3, 29, 53
Suppose -77*v + 201*v - 2298216 = 0. List the prime factors of v.
2, 3, 3089
Let p(b) be the second derivative of -29*b**5/10 + b**4/6 + b**3/6 - 9*b**2/2 - b + 17. List the prime factors of p(-2).
461
Let v(q) be the third derivative of -12*q**2 - 13/12*q**4 + 0 + 0*q + 2/3*q**3. List the prime factors of v(-3).
2, 41
Suppose 14*j = 20*j - 10890. Let r = -964 + j. What are the prime factors of r?
23, 37
Suppose 2*d - 7*f + 6 = -2*f, -3*d - 5*f = -16. Let v(j) = 56*j - 17*j - d + 3*j - 16*j. What are the prime factors of v(1)?
2, 3
Let v = -186061 - -263815. List the prime factors of v.
2, 3, 12959
Let d = -7624 + 18840. List the prime factors of d.
2, 701
Suppose 0 = 3*i - 5*t - 1186, -4*i + 6*t + 1596 = 3*t. Let r = i + 58. What are the prime factors of r?
2, 5, 23
Let w(z) = z**3 - 4*z**2 + z + 1. Suppose -2*x + 12 = 4. Let g be w(x). Let n(b) = b**3 + b + 11. What are the prime factors of n(g)?
3, 47
Let x be 168/9 + (-3)/(-9). Suppose 90 = 24*l - x*l. List the prime factors of (-94)/l*-15 - (-2)/(-6).
2, 3, 13
Let x = -106 + 192. Suppose -261 = -5*f + c, -c + 6*c + x = 2*f. Suppose -3*h = -f - 625. List the prime factors of h.
2, 113
Suppose -5*r - 15 + 5 = 0, 0 = -5*o + 5*r + 40. Let v(h) = 3 + 10 - o*h + 0 + 4. What are the prime factors of v(2)?
5
Suppose 61*h = 64*h + 5*s - 5541, -h + s = -1847. What are the prime factors of h?
1847
Let l(m) = 11*m + 47. Let r be l(-4). Suppose -3*s - 16*i + 3555 = -13*i, r*s - 2*i = 3535. What are the prime factors of s?
1181
Let f = -379 - 250. Let t = 1094 + f. Suppose 8*x - 2153 = -t. List the prime factors of x.
211
Suppose i = c - 3*i + 332, -4*c = i + 1311. Let f = c + 437. What are the prime factors of f?
109
Suppose 178*l = 837954 + 10062232. List the prime factors of l.
11, 19, 293
Suppose -11*v = -455540 - 367733. List the prime factors of v.
74843
Let m(y) = y - 9. Let s be m(5). Let j = -3239 - -3085. List the prime factors of (11/(j/(-1449)))/((-3)/s).
2, 3, 23
Let v be 9006/9*(-39)/(-26). Let i = v - 885. List the prime factors of i.
2, 7, 11
Let v = 18115 - 9769. List the prime factors of v.
2, 3, 13, 107
Let n = -44 + 47. Let y be -2 + (n + -3)/1 - -6. Suppose -118 - 38 = -y*d. List the prime factors of d.
3, 13
Let a(g) be the second derivative of -117*g**5/20 + 5*g**3/6 + 2*g**2 - g + 14. List the prime factors of a(-1).
2, 29
Suppose 29*q - 159299 - 1598184 = -62*q. What are the prime factors of q?
7, 31, 89
Let c(l) = -l**2 + 38*l - 74. Let s be c(29). Let f = -25 + s. What are the prime factors of (f/(-12))/(-3)*14?
3, 7
Suppose 78*q + 1380684 = 5241294. List the prime factors of q.
5, 19, 521
Let q be (-673)/(-5) + 18/45. Suppose -478 = -137*r + q*r. List the prime factors of r.
239
Let h(a) = 75*a - 347. List the prime factors of h(7).
2, 89
Suppose 4 = -4*o + 20. List the prime factors of (o - (15/2)/5)*460.
2, 5, 23
Suppose 104*t - 7471869 = 2120467. List the prime factors of t.
2, 107, 431
Let c(g) = 1066*g**2 + 217*g + 1083. What are the prime factors of c(-5)?
2, 3331
Let q be 0 - (-3864 - 10*(-6)/12). Suppose q = 31*f - 14028. What are the prime factors of f?
577
Let u(q) = 16*q**2. Let c be u(1). Suppose -j + c*j - 5475 = 0. List the prime factors of j.
5, 73
Suppose 0 = 5*k - 7*k - 24. Let r(y) = -5*y**3 - y**2 - y + 4. Let s be r(3). Let c = k - s. List the prime factors of c.
131
Let q(c) = 5*c**2 + c + 9. Let h be q(4). Suppose 5*i = u + 1228, -i - h + 343 = 2*u. What are the prime factors of i?
2, 3, 41
Let x = 4569 - 346. List the prime factors of x.
41, 103
Suppose -1075629 - 203387 = -148*o. What are the prime factors of o?
2, 29, 149
Suppose -2868 = -3*n - r + 218, 2*r = 4. List the prime factors of n.
2, 257
Suppose 85*k - 91*k - 60 = 0. Let f(b) = 18 + 3*b + 3 + 11. What are the prime factors of f(k)?
2
Suppose -7*x - 26*x + 15840 = 0. What are the prime factors of x + 1 + 35/(-7)?
2, 7, 17
Suppose -3*u - 17 = 2*p - 4*p, 0 = 5*u + 3*p + 3. Let o be -1 + (1 - u) + -103. List the prime factors of 20/o - 291/(-5).
2, 29
Suppose -2*s - 584196 = 4*a, -584182 = 4*a - 7*s + 2*s. What are the prime factors of a/(-176) - (-4)/22?
2, 5, 83
Suppose 31 - 5 = 2*m. Suppose -m*f = -16*f + 1293. Suppose -2*v + 193 = -5*w, -v - 3*v + w = -f. List the prime factors of v.
109
Let t = 582 - -598. Suppose t = 5*o + 5*o. Suppose -3*n + o = -2*n. What are the prime factors of n?
2, 59
Suppose j - z = 1244, 4*j - 4971 = 48*z - 45*z. Suppose 0 = -j*h + 1236*h + 1773. List the prime factors of h.
3, 197
Suppose 3*s = -5*g + 36751 + 3033, -2*g = -3*s + 39833. List the prime factors of s.
13, 1021
Let o be (-53)/(2 - 3) - -1. Suppose -u + 120 = -3*b, 2*b = 2*u - o - 30. What are the prime factors of b*((-48)/9)/2?
2, 13
Let s = 102676 + -36923. Suppose -4*t - k + 87674 = 0, 3*t = k - 3*k + s. What are the prime factors of t/138 + 2/12?
3, 53
Suppose 4642 = -5*c + 11797. Suppose c = 4*s + 3*p, s + 3*p - 379 = -2*p. Suppose -4*d - 396 = -3*a, 5*a + 5*d - s = 306. List the prime factors of a.
2, 3, 11
Let f(c) = -c**2 + 43*c - 81. Let m be 4 + -1 - (-20 - -8). What are the prime factors of f(m)?
3, 113
Suppose -12*v = -8*v + 40. Let a be (-1 + (-1)/1)/(v/540). Let m = -9 + a. List the prime factors of m.
3, 11
Suppose 0 = -50*c + 58*c - 2632. Let w = c + -309. List the prime factors of w.
2, 5
Let y(r) = -29*r + 0*r + 12 - r**3 + 2*r**3 + 11*r**2. Let q be (1014/(-117))/((-2)/(-